{"version":"1.0","provider_name":"Bridge4Mobility","provider_url":"https:\/\/www.bridge4mobility.com\/ca","title":"Llegeix experi\u00e8ncies dels azubis: La Marta (1) - Bridge4Mobility","type":"rich","width":600,"height":338,"html":"<blockquote class=\"wp-embedded-content\" data-secret=\"kfBB47fV5J\"><a href=\"https:\/\/www.bridge4mobility.com\/ca\/llegeix-experiencies-dels-azubis-la-marta-1\/\">Llegeix experi\u00e8ncies dels azubis: La Marta (1)<\/a><\/blockquote><iframe sandbox=\"allow-scripts\" security=\"restricted\" src=\"https:\/\/www.bridge4mobility.com\/ca\/llegeix-experiencies-dels-azubis-la-marta-1\/embed\/#?secret=kfBB47fV5J\" width=\"600\" height=\"338\" title=\"&#8220;Llegeix experi\u00e8ncies dels azubis: La Marta (1)&#8221; &#8212; Bridge4Mobility\" data-secret=\"kfBB47fV5J\" frameborder=\"0\" marginwidth=\"0\" marginheight=\"0\" scrolling=\"no\" class=\"wp-embedded-content\"><\/iframe><script type=\"text\/javascript\">\n\/*! This file is auto-generated *\/\n!function(c,d){\"use strict\";var e=!1,o=!1;if(d.querySelector)if(c.addEventListener)e=!0;if(c.wp=c.wp||{},!c.wp.receiveEmbedMessage)if(c.wp.receiveEmbedMessage=function(e){var t=e.data;if(t)if(t.secret||t.message||t.value)if(!\/[^a-zA-Z0-9]\/.test(t.secret)){for(var r,a,i,s=d.querySelectorAll('iframe[data-secret=\"'+t.secret+'\"]'),n=d.querySelectorAll('blockquote[data-secret=\"'+t.secret+'\"]'),o=0;o<n.length;o++)n[o].style.display=\"none\";for(o=0;o<s.length;o++)if(r=s[o],e.source===r.contentWindow){if(r.removeAttribute(\"style\"),\"height\"===t.message){if(1e3<(i=parseInt(t.value,10)))i=1e3;else if(~~i<200)i=200;r.height=i}if(\"link\"===t.message)if(a=d.createElement(\"a\"),i=d.createElement(\"a\"),a.href=r.getAttribute(\"src\"),i.href=t.value,i.host===a.host)if(d.activeElement===r)c.top.location.href=t.value}}},e)c.addEventListener(\"message\",c.wp.receiveEmbedMessage,!1),d.addEventListener(\"DOMContentLoaded\",t,!1),c.addEventListener(\"load\",t,!1);function t(){if(!o){o=!0;for(var e,t,r,a=-1!==navigator.appVersion.indexOf(\"MSIE 10\"),i=!!navigator.userAgent.match(\/Trident.*rv:11\\.\/),s=d.querySelectorAll(\"iframe.wp-embedded-content\"),n=0;n<s.length;n++){if(!(r=(t=s[n]).getAttribute(\"data-secret\")))r=Math.random().toString(36).substr(2,10),t.src+=\"#?secret=\"+r,t.setAttribute(\"data-secret\",r);if(a||i)(e=t.cloneNode(!0)).removeAttribute(\"security\"),t.parentNode.replaceChild(e,t);t.contentWindow.postMessage({message:\"ready\",secret:r},\"*\")}}}}(window,document);\n<\/script>\n","thumbnail_url":"https:\/\/www.bridge4mobility.com\/wp-content\/uploads\/marta-amb-amics-1.jpg","thumbnail_width":2560,"thumbnail_height":1249,"description":"La Marta viu a Kl\u00fctz, un poblet al nord d\u2019Alemanya. A tocar del mar. M\u00e9s a prop de Copenhaguen que de Munic. \u201cUn poble molt tranquil. Mai hi passa res\u201d\u2014ens explica. I \u00e9s que Kl\u00fctz t\u00e9 poc m\u00e9s de 3.000 habitants.\u00a0 \u201cPoca gent jove, per\u00f2 amb tot el que es necessita per viure\u201d \u2014diu la"}

Llegeix experiències dels azubis: La Marta (1) - Bridge4Mobility

<blockquote class="wp-embedded-content" data-secret="kfBB47fV5J"><a href="https://www.bridge4mobility.com/ca/llegeix-experiencies-dels-azubis-la-marta-1/">Llegeix experiències dels azubis: La Marta (1)</a></blockquote><iframe sandbox="allow-scripts" security="restricted" src="https://www.bridge4mobility.com/ca/llegeix-experiencies-dels-azubis-la-marta-1/embed/#?secret=kfBB47fV5J" width="600" height="338" title="&#8220;Llegeix experiències dels azubis: La Marta (1)&#8221; &#8212; Bridge4Mobility" data-secret="kfBB47fV5J" frameborder="0" marginwidth="0" marginheight="0" scrolling="no" class="wp-embedded-content"></iframe><script type="text/javascript">
/*! This file is auto-generated */
!function(c,d){"use strict";var e=!1,o=!1;if(d.querySelector)if(c.addEventListener)e=!0;if(c.wp=c.wp||{},!c.wp.receiveEmbedMessage)if(c.wp.receiveEmbedMessage=function(e){var t=e.data;if(t)if(t.secret||t.message||t.value)if(!/[^a-zA-Z0-9]/.test(t.secret)){for(var r,a,i,s=d.querySelectorAll('iframe[data-secret="'+t.secret+'"]'),n=d.querySelectorAll('blockquote[data-secret="'+t.secret+'"]'),o=0;o<n.length;o++)n[o].style.display="none";for(o=0;o<s.length;o++)if(r=s[o],e.source===r.contentWindow){if(r.removeAttribute("style"),"height"===t.message){if(1e3<(i=parseInt(t.value,10)))i=1e3;else if(~~i<200)i=200;r.height=i}if("link"===t.message)if(a=d.createElement("a"),i=d.createElement("a"),a.href=r.getAttribute("src"),i.href=t.value,i.host===a.host)if(d.activeElement===r)c.top.location.href=t.value}}},e)c.addEventListener("message",c.wp.receiveEmbedMessage,!1),d.addEventListener("DOMContentLoaded",t,!1),c.addEventListener("load",t,!1);function t(){if(!o){o=!0;for(var e,t,r,a=-1!==navigator.appVersion.indexOf("MSIE 10"),i=!!navigator.userAgent.match(/Trident.*rv:11\./),s=d.querySelectorAll("iframe.wp-embedded-content"),n=0;n<s.length;n++){if(!(r=(t=s[n]).getAttribute("data-secret")))r=Math.random().toString(36).substr(2,10),t.src+="#?secret="+r,t.setAttribute("data-secret",r);if(a||i)(e=t.cloneNode(!0)).removeAttribute("security"),t.parentNode.replaceChild(e,t);t.contentWindow.postMessage({message:"ready",secret:r},"*")}}}}(window,document);
</script>

La Marta viu a Klütz, un poblet al nord d’Alemanya. A tocar del mar. Més a prop de Copenhaguen que de Munic. “Un poble molt tranquil. Mai hi passa res”—ens explica. I és que Klütz té poc més de 3.000 habitants.  “Poca gent jove, però amb tot el que es necessita per viure” —diu la
